{"id":1301,"date":"2015-07-31T15:15:00","date_gmt":"2015-07-31T13:15:00","guid":{"rendered":"http:\/\/www.rallyepaysdesaintyrieix.com\/?page_id=1301"},"modified":"2025-02-18T09:14:59","modified_gmt":"2025-02-18T08:14:59","slug":"asa-saint-martial","status":"publish","type":"page","link":"http:\/\/www.rallyepaysdesaintyrieix.com\/?page_id=1301","title":{"rendered":"ASA Saint-Martial"},"content":{"rendered":"<p style=\"text-align: justify;\">C\u2019est au d\u00e9but des ann\u00e9es 50, que le p\u00e8re de Martial Jean Leuret (plus connu sous le pseudo M.J.) cr\u00e9e&nbsp;et prend la t\u00eate de l\u2019Ecurie Saint-Martial, qui plus tard, deviendra l\u2019Association Sportive Automobile (ASA)&nbsp;Saint-Martial, la plus ancienne association sportive automobile du Limousin enregistr\u00e9e en pr\u00e9fecture en 1952.<\/p>\n<p style=\"text-align: justify;\">Franck Bonnafy prend la succession du p\u00e8re de \u00abM.J. \u00bb. Ce dernier, copilote de Franck, devient&nbsp;le secr\u00e9taire de l\u2019Ecurie.<\/p>\n<p style=\"text-align: justify;\">Puis, Tito Balbas, succ\u00e8de \u00e0 Franck. J.J. Parot occupe le poste de secr\u00e9taire, et Hubert Millet-Lage celui&nbsp;de tr\u00e9sorier.<\/p>\n<p style=\"text-align: justify;\">En 1987, Hubert devient \u00e0 son tour pr\u00e9sident avant de passer le flambeau \u00e0 Michel Laroulandie en 1996.<\/p>\n<p style=\"text-align: justify;\">Nouveau passage de t\u00e9moin fin 2000, avec l\u2019arriv\u00e9e de l\u2019Ar\u00e9dien et tr\u00e8s bon pilote, Jean-Fran\u00e7ois Mas,&nbsp;d\u00e9j\u00e0 bien engag\u00e9 dans le rugby local. Jean-Fran\u00e7ois, dit \u00ab Jeff \u00bb s\u2019occupant du relationnel et Hubert&nbsp;du fonctionnement de l\u2019Ecurie.<\/p>\n<p style=\"text-align: justify;\">Apr\u00e8s 5 ans de bons et loyaux services, Jean-Fran\u00e7ois, c\u00e8de les commandes \u00e0 Laurent Mazaud, l\u2019actuel&nbsp;pr\u00e9sident.<\/p>\n<p style=\"text-align: justify;\">Sur le plan sportif, la cit\u00e9e Ar\u00e9dienne a \u00e9t\u00e9 une terre de pr\u00e9dilection pour la Saint-Martial, avec l\u2019organisation d\u2019un slalom, puis de la course de c\u00f4te, et du rallye Pommes du Limousin puis du rallye du Pays de Saint-Yrieix.<\/p>\n<p style=\"text-align: justify;\">Si aujourd\u2019hui, ce rallye est le fer de lance de la Saint-Martial, les courses de c\u00f4te ont \u00e9t\u00e9 pendant&nbsp;de nombreuses ann\u00e9es, sa sp\u00e9cialit\u00e9 avec, celle de Saint-Yrieix, mais aussi Eymoutiers (en championnat&nbsp;d\u2019Europe), Saint-Paul-d\u2019Eyjaux, la Celle-Dunoise, Beynac, Saint-Victurnien, puis celle de La Tardes<br \/>\nen Creuse jusqu\u2019en 2017.<\/p>\n<p style=\"text-align: justify;\">Depuis 2016 est venu s\u2019ajouter avec succ\u00e8s une nouvelle \u00e9preuve, le rallye r\u00e9gional de l\u2019Or-Pays&nbsp;de Jumilhac&nbsp;qui, apr\u00e8s 3 \u00e9ditions, est remplac\u00e9e en 2020 par une autre \u00e9preuve r\u00e9gionale intitul\u00e9e Rallye de Ch\u00e2teauneuf-Linards.<\/p>\n<p style=\"text-align: justify;\">Depuis deux ans, l\u2019ASA Saint-Martial organise, avec le concours de PAC EVENT, un rallye de r\u00e9gularit\u00e9&nbsp;r\u00e9serv\u00e9 aux voitures de prestige, en partie sur les routes du championnat du monde, nomm\u00e9 Tour des ALPES.<\/p>\n<p style=\"text-align: justify;\">De nombreux pilotes ont port\u00e9 haut les couleurs de la Saint-Martial, tel Franck Bonnafy en Cooper,&nbsp;Matra Djet ou Alpine, Jean-Fran\u00e7ois Mas (NSU, Chrysler H\u00e9micuda, Porsche), Jean Vignaud, Alain Bosselut,&nbsp;Marc C\u00e9l\u00e9rier (R8 Gordini et Alpine), Michel Vergne en circuit en en courses de c\u00f4te, Jean-Paul Dussouchaud&nbsp;(circuit et c\u00f4te), ou Jean-Pierre Champeau et Jean-Charles Beaubelique (rallyes). On compte aussi un noyau&nbsp;d\u2019adeptes de la course de c\u00f4te, avec, \u00e0 sa t\u00eate, Eric Peyrard et Christopher Lecarpentier, qui font briller&nbsp;les couleurs de la Saint-Martial.<\/p>\n<p style=\"text-align: left;\"><strong><em>Membres du Comit\u00e9 Directeur de l\u2019ASA Saint-Martial :<\/em><\/strong><\/p>\n<p style=\"text-align: left;\">Pr\u00e9sident : Laurent Mazaud<\/p>\n<p style=\"text-align: left;\">Vice-Pr\u00e9sidents : Jean Luc Phelippeau et Cyrille Benezet<\/p>\n<p style=\"text-align: left;\">Secr\u00e9taire G\u00e9n\u00e9ral : Katia Deneuvy<\/p>\n<p style=\"text-align: left;\">Tr\u00e9sorier : Alain Brun<\/p>\n<p style=\"text-align: left;\">Membres : Julien Bonnetaud, Monique Brun, Bernard Deneuvy, Philippe Giraud, Emmanuel Tessier, Pierre Camain<\/p>\n","protected":false},"excerpt":{"rendered":"<p class=\"excerpt\">C\u2019est au d\u00e9but des ann\u00e9es 50, que le p\u00e8re de Martial Jean Leuret (plus connu sous le pseudo M.J.) cr\u00e9e&nbsp;et prend la t\u00eate de l\u2019Ecurie Saint-Martial, qui plus tard, deviendra l\u2019Association Sportive Automobile (ASA)&nbsp;Saint-Martial, la plus ancienne association sportive automobile du Limousin enregistr\u00e9e en pr\u00e9fecture en 1952. Franck Bonnafy prend la succession du p\u00e8re de \u00abM.J. \u00bb. Ce dernier, copilote&hellip;<\/p>\n<p class=\"more-link-p\"><a class=\"btn btn-default\" href=\"http:\/\/www.rallyepaysdesaintyrieix.com\/?page_id=1301\">Read more<\/a><\/p>\n","protected":false},"author":1,"featured_media":0,"parent":0,"menu_order":8,"comment_status":"closed","ping_status":"closed","template":"","meta":{"ngg_post_thumbnail":0,"footnotes":""},"class_list":["post-1301","page","type-page","status-publish","hentry"],"_links":{"self":[{"href":"http:\/\/www.rallyepaysdesaintyrieix.com\/index.php?rest_route=\/wp\/v2\/pages\/1301"}],"collection":[{"href":"http:\/\/www.rallyepaysdesaintyrieix.com\/index.php?rest_route=\/wp\/v2\/pages"}],"about":[{"href":"http:\/\/www.rallyepaysdesaintyrieix.com\/index.php?rest_route=\/wp\/v2\/types\/page"}],"author":[{"embeddable":true,"href":"http:\/\/www.rallyepaysdesaintyrieix.com\/index.php?rest_route=\/wp\/v2\/users\/1"}],"replies":[{"embeddable":true,"href":"http:\/\/www.rallyepaysdesaintyrieix.com\/index.php?rest_route=%2Fwp%2Fv2%2Fcomments&post=1301"}],"version-history":[{"count":10,"href":"http:\/\/www.rallyepaysdesaintyrieix.com\/index.php?rest_route=\/wp\/v2\/pages\/1301\/revisions"}],"predecessor-version":[{"id":5734,"href":"http:\/\/www.rallyepaysdesaintyrieix.com\/index.php?rest_route=\/wp\/v2\/pages\/1301\/revisions\/5734"}],"wp:attachment":[{"href":"http:\/\/www.rallyepaysdesaintyrieix.com\/index.php?rest_route=%2Fwp%2Fv2%2Fmedia&parent=1301"}],"curies":[{"name":"wp","href":"https:\/\/api.w.org\/{rel}","templated":true}]}}

<p style="text-align: justify;">C’est au début des années 50, que le père de Martial Jean Leuret (plus connu sous le pseudo M.J.) crée&nbsp;et prend la tête de l’Ecurie Saint-Martial, qui plus tard, deviendra l’Association Sportive Automobile (ASA)&nbsp;Saint-Martial, la plus ancienne association sportive automobile du Limousin enregistrée en préfecture en 1952.</p>
<p style="text-align: justify;">Franck Bonnafy prend la succession du père de «M.J. ». Ce dernier, copilote de Franck, devient&nbsp;le secrétaire de l’Ecurie.</p>
<p style="text-align: justify;">Puis, Tito Balbas, succède à Franck. J.J. Parot occupe le poste de secrétaire, et Hubert Millet-Lage celui&nbsp;de trésorier.</p>
<p style="text-align: justify;">En 1987, Hubert devient à son tour président avant de passer le flambeau à Michel Laroulandie en 1996.</p>
<p style="text-align: justify;">Nouveau passage de témoin fin 2000, avec l’arrivée de l’Arédien et très bon pilote, Jean-François Mas,&nbsp;déjà bien engagé dans le rugby local. Jean-François, dit « Jeff » s’occupant du relationnel et Hubert&nbsp;du fonctionnement de l’Ecurie.</p>
<p style="text-align: justify;">Après 5 ans de bons et loyaux services, Jean-François, cède les commandes à Laurent Mazaud, l’actuel&nbsp;président.</p>
<p style="text-align: justify;">Sur le plan sportif, la citée Arédienne a été une terre de prédilection pour la Saint-Martial, avec l’organisation d’un slalom, puis de la course de côte, et du rallye Pommes du Limousin puis du rallye du Pays de Saint-Yrieix.</p>
<p style="text-align: justify;">Si aujourd’hui, ce rallye est le fer de lance de la Saint-Martial, les courses de côte ont été pendant&nbsp;de nombreuses années, sa spécialité avec, celle de Saint-Yrieix, mais aussi Eymoutiers (en championnat&nbsp;d’Europe), Saint-Paul-d’Eyjaux, la Celle-Dunoise, Beynac, Saint-Victurnien, puis celle de La Tardes<br />
en Creuse jusqu’en 2017.</p>
<p style="text-align: justify;">Depuis 2016 est venu s’ajouter avec succès une nouvelle épreuve, le rallye régional de l’Or-Pays&nbsp;de Jumilhac&nbsp;qui, après 3 éditions, est remplacée en 2020 par une autre épreuve régionale intitulée Rallye de Châteauneuf-Linards.</p>
<p style="text-align: justify;">Depuis deux ans, l’ASA Saint-Martial organise, avec le concours de PAC EVENT, un rallye de régularité&nbsp;réservé aux voitures de prestige, en partie sur les routes du championnat du monde, nommé Tour des ALPES.</p>
<p style="text-align: justify;">De nombreux pilotes ont porté haut les couleurs de la Saint-Martial, tel Franck Bonnafy en Cooper,&nbsp;Matra Djet ou Alpine, Jean-François Mas (NSU, Chrysler Hémicuda, Porsche), Jean Vignaud, Alain Bosselut,&nbsp;Marc Célérier (R8 Gordini et Alpine), Michel Vergne en circuit en en courses de côte, Jean-Paul Dussouchaud&nbsp;(circuit et côte), ou Jean-Pierre Champeau et Jean-Charles Beaubelique (rallyes). On compte aussi un noyau&nbsp;d’adeptes de la course de côte, avec, à sa tête, Eric Peyrard et Christopher Lecarpentier, qui font briller&nbsp;les couleurs de la Saint-Martial.</p>
<p style="text-align: left;"><strong><em>Membres du Comité Directeur de l’ASA Saint-Martial :</em></strong></p>
<p style="text-align: left;">Président : Laurent Mazaud</p>
<p style="text-align: left;">Vice-Présidents : Jean Luc Phelippeau et Cyrille Benezet</p>
<p style="text-align: left;">Secrétaire Général : Katia Deneuvy</p>
<p style="text-align: left;">Trésorier : Alain Brun</p>
<p style="text-align: left;">Membres : Julien Bonnetaud, Monique Brun, Bernard Deneuvy, Philippe Giraud, Emmanuel Tessier, Pierre Camain</p>

<p class="excerpt">C’est au début des années 50, que le père de Martial Jean Leuret (plus connu sous le pseudo M.J.) crée&nbsp;et prend la tête de l’Ecurie Saint-Martial, qui plus tard, deviendra l’Association Sportive Automobile (ASA)&nbsp;Saint-Martial, la plus ancienne association sportive automobile du Limousin enregistrée en préfecture en 1952. Franck Bonnafy prend la succession du père de «M.J. ». Ce dernier, copilote&hellip;</p>
<p class="more-link-p"><a class="btn btn-default" href="http://www.rallyepaysdesaintyrieix.com/?page_id=1301">Read more</a></p>
