{"id":3988,"date":"2018-06-12T16:27:55","date_gmt":"2018-06-12T14:27:55","guid":{"rendered":"http:\/\/www.rallyepaysdesaintyrieix.com\/?page_id=3988"},"modified":"2025-02-21T10:21:27","modified_gmt":"2025-02-21T09:21:27","slug":"partenaires-20018","status":"publish","type":"page","link":"http:\/\/www.rallyepaysdesaintyrieix.com\/?page_id=3988","title":{"rendered":"Partenaires"},"content":{"rendered":"<table>\n<tbody>\n<tr>\n<td style=\"text-align: left;\">\n<blockquote><p><em><em>Merci \u00e0 tous nos partenaires sans qui cette belle \u00e9preuve n&rsquo;existerait pas. Apr\u00e8s plus de vingt ans d&rsquo;existence, c&rsquo;est gr\u00e2ce \u00e0 leur fid\u00e9lit\u00e9, leur passion et leur engagement \u00e0 nos c\u00f4t\u00e9s que nous pouvons continuer cette aventure. Ils ont toute notre reconnaissance et notre gratitude.<\/em><\/em><\/p>\n<p>Sportivement,<\/p>\n<p><img loading=\"lazy\" decoding=\"async\" class=\"wp-image-5731 alignnone\" src=\"http:\/\/www.rallyepaysdesaintyrieix.com\/wp-content\/uploads\/2025\/02\/signature-Julian.png\" alt=\"\" width=\"147\" height=\"44\" srcset=\"http:\/\/www.rallyepaysdesaintyrieix.com\/wp-content\/uploads\/2025\/02\/signature-Julian.png 1012w, http:\/\/www.rallyepaysdesaintyrieix.com\/wp-content\/uploads\/2025\/02\/signature-Julian-300x90.png 300w, http:\/\/www.rallyepaysdesaintyrieix.com\/wp-content\/uploads\/2025\/02\/signature-Julian-768x230.png 768w\" sizes=\"(max-width: 147px) 100vw, 147px\" \/><\/p>\n<p>Julian FABREGUE<\/p>\n<p>Pr\u00e9sident du Comit\u00e9 d&rsquo;Organisation<\/p><\/blockquote>\n<p style=\"text-align: center;\">Dossier de partenariat 2025 \u00e0 venir<\/p>\n<\/td>\n<td style=\"text-align: center;\">&nbsp;<\/td>\n<\/tr>\n<\/tbody>\n<\/table>\n<p>&nbsp;<\/p>\n","protected":false},"excerpt":{"rendered":"<p class=\"excerpt\">Merci \u00e0 tous nos partenaires sans qui cette belle \u00e9preuve n&rsquo;existerait pas. Apr\u00e8s plus de vingt ans d&rsquo;existence, c&rsquo;est gr\u00e2ce \u00e0 leur fid\u00e9lit\u00e9, leur passion et leur engagement \u00e0 nos c\u00f4t\u00e9s que nous pouvons continuer cette aventure. Ils ont toute notre reconnaissance et notre gratitude. Sportivement, Julian FABREGUE Pr\u00e9sident du Comit\u00e9 d&rsquo;Organisation Dossier de partenariat 2025 \u00e0 venir &nbsp; &nbsp;<\/p>\n<p class=\"more-link-p\"><a class=\"btn btn-default\" href=\"http:\/\/www.rallyepaysdesaintyrieix.com\/?page_id=3988\">Read more<\/a><\/p>\n","protected":false},"author":1,"featured_media":0,"parent":0,"menu_order":6,"comment_status":"closed","ping_status":"closed","template":"","meta":{"ngg_post_thumbnail":0,"footnotes":""},"class_list":["post-3988","page","type-page","status-publish","hentry"],"_links":{"self":[{"href":"http:\/\/www.rallyepaysdesaintyrieix.com\/index.php?rest_route=\/wp\/v2\/pages\/3988"}],"collection":[{"href":"http:\/\/www.rallyepaysdesaintyrieix.com\/index.php?rest_route=\/wp\/v2\/pages"}],"about":[{"href":"http:\/\/www.rallyepaysdesaintyrieix.com\/index.php?rest_route=\/wp\/v2\/types\/page"}],"author":[{"embeddable":true,"href":"http:\/\/www.rallyepaysdesaintyrieix.com\/index.php?rest_route=\/wp\/v2\/users\/1"}],"replies":[{"embeddable":true,"href":"http:\/\/www.rallyepaysdesaintyrieix.com\/index.php?rest_route=%2Fwp%2Fv2%2Fcomments&post=3988"}],"version-history":[{"count":46,"href":"http:\/\/www.rallyepaysdesaintyrieix.com\/index.php?rest_route=\/wp\/v2\/pages\/3988\/revisions"}],"predecessor-version":[{"id":5784,"href":"http:\/\/www.rallyepaysdesaintyrieix.com\/index.php?rest_route=\/wp\/v2\/pages\/3988\/revisions\/5784"}],"wp:attachment":[{"href":"http:\/\/www.rallyepaysdesaintyrieix.com\/index.php?rest_route=%2Fwp%2Fv2%2Fmedia&parent=3988"}],"curies":[{"name":"wp","href":"https:\/\/api.w.org\/{rel}","templated":true}]}}

<table>
<tbody>
<tr>
<td style="text-align: left;">
<blockquote><p><em><em>Merci à tous nos partenaires sans qui cette belle épreuve n&rsquo;existerait pas. Après plus de vingt ans d&rsquo;existence, c&rsquo;est grâce à leur fidélité, leur passion et leur engagement à nos côtés que nous pouvons continuer cette aventure. Ils ont toute notre reconnaissance et notre gratitude.</em></em></p>
<p>Sportivement,</p>
<p><img loading="lazy" decoding="async" class="wp-image-5731 alignnone" src="http://www.rallyepaysdesaintyrieix.com/wp-content/uploads/2025/02/signature-Julian.png" alt="" width="147" height="44" srcset="http://www.rallyepaysdesaintyrieix.com/wp-content/uploads/2025/02/signature-Julian.png 1012w, http://www.rallyepaysdesaintyrieix.com/wp-content/uploads/2025/02/signature-Julian-300x90.png 300w, http://www.rallyepaysdesaintyrieix.com/wp-content/uploads/2025/02/signature-Julian-768x230.png 768w" sizes="(max-width: 147px) 100vw, 147px" /></p>
<p>Julian FABREGUE</p>
<p>Président du Comité d&rsquo;Organisation</p></blockquote>
<p style="text-align: center;">Dossier de partenariat 2025 à venir</p>
</td>
<td style="text-align: center;">&nbsp;</td>
</tr>
</tbody>
</table>
<p>&nbsp;</p>

<p class="excerpt">Merci à tous nos partenaires sans qui cette belle épreuve n&rsquo;existerait pas. Après plus de vingt ans d&rsquo;existence, c&rsquo;est grâce à leur fidélité, leur passion et leur engagement à nos côtés que nous pouvons continuer cette aventure. Ils ont toute notre reconnaissance et notre gratitude. Sportivement, Julian FABREGUE Président du Comité d&rsquo;Organisation Dossier de partenariat 2025 à venir &nbsp; &nbsp;</p>
<p class="more-link-p"><a class="btn btn-default" href="http://www.rallyepaysdesaintyrieix.com/?page_id=3988">Read more</a></p>
